l - 13. What is the units digit of z(3)?
7
Let a(p) = -12*p**2 + 2*p - p**3 + 10*p + 6*p**2 - 4*p + 9. Let g be a(-7). Suppose 2*c + g*j - 24 = 0, -c + 0*j + 3 = 4*j. What is the tens digit of c?
1
Let s(x) = -x**2 - 16*x + 8. Let n(g) = g + 1. Let w be n(-8). What is the units digit of s(w)?
1
Suppose 0 = d + 3*d - 960. Suppose -3*p + d = p. Suppose 7*f - 4*f = p. What is the units digit of f?
0
Let b(v) = -14*v - 179. What is the hundreds digit of b(-37)?
3
Let g be (-1)/(-2) + (-195)/(-10). Let n be (-1558)/(-14) - g/70. Suppose 0 = -3*u - 3*w + n, 3*u - 3*w - 34 = 53. What is the units digit of u?
3
Let f = 7 - -4. Suppose 295 = f*h - 6*h. What is the tens digit of h?
5
Let r = -72 - -223. What is the tens digit of r?
5
What is the tens digit of (8/(-4))/((-6)/1941)?
4
Suppose 4*f = 10*f - 12. Suppose 0*q = f*q - 16. What is the units digit of q?
8
Let f = 593 - -19. What is the units digit of (-1)/((-4)/f) - 2?
1
What is the units digit of 130*66*2*5/50?
6
Let s(k) = -2*k**2 + 3 - 7 + 3 - 3*k - k**3. Let d be s(-2). Suppose 0 = -d*m + 129 + 246. What is the units digit of m?
5
Let i(g) = -25*g - 2. Let c(s) = -s**3 - 9*s**2 + s + 8. Let k be c(-9). Let a = k + 0. What is the tens digit of i(a)?
2
Suppose -13*m - 61 = -g - 11*m, 0 = 4*g + 3*m - 233. What is the tens digit of g?
5
Suppose -2*w = -0*w - 40. What is the tens digit of w + 1/(-1) - 2?
1
Let o = -94 + 93. Let g(f) = 117*f**2 + 3*f + 2. What is the tens digit of g(o)?
1
Suppose 67 = 2*j - 3*m - 65, 3*m + 339 = 5*j. Let s = -30 + j. What is the units digit of (92/6)/(26/s)?
3
Let f(b) = 37*b**2 - b - 1. Let d be f(1). Suppose -12 = 34*o - d*o. What is the tens digit of o?
1
Suppose 0 = 6*l - 149 - 259. What is the units digit of l?
8
Let y = -13 - -12. Let v(q) = 10*q**2 - q - 1. Let d be v(y). Let p(c) = -c**2 + 14*c + 5. What is the units digit of p(d)?
5
Let r = -8 - -24. What is the units digit of 1/(3 - 44/r)?
4
Let x = -18 + 40. Suppose -5*m = -5, v - 2*m - x = 7. Suppose -55 = -2*d + 5*h, h = -4*d + v + 68. What is the units digit of d?
5
Suppose -3*a + 750 + 693 = 0. What is the units digit of a?
1
Suppose -3*j - 15*g = -14*g - 785, 1323 = 5*j - 2*g. What is the tens digit of j?
6
Let k = 67 - 1. Suppose 2*v - m + 3*m = 58, 3*v - 4*m - k = 0. Suppose -2*u + v + 22 = 0. What is the units digit of u?
4
Let b = -34 + 31. What is the units digit of (b + 27/6)/((-3)/(-38))?
9
Let n = 16 + -11. Suppose -n*h + g - 3 = -0, 0 = 5*g + 10. What is the tens digit of (2/6)/(h/(-39))?
1
Let p be -12*4/32*-22. Suppose 0 = -n - 6 + p. Let t = -2 + n. What is the tens digit of t?
2
Suppose -3*y + 20 = -4*r, -3*y + 0*r + 3*r + 18 = 0. Suppose -65 = -y*n + 279. What is the tens digit of n?
8
Let x = -332 + 2786. What is the thousands digit of x?
2
Let b be -2 + 2 + 0/(-1). Suppose 4*d = 5*p + 5 - 31, p + 6 = -2*d. Let w = b - d. What is the units digit of w?
4
Let c = 454 - 233. What is the hundreds digit of c?
2
Suppose 3*b - 114 = -3*l, 5*l - 4*b - 12 = 205. Suppose 0 = -3*x - l + 569. Suppose -3*n + 2*v = -x, 7*v - 2*v = -2*n + 149. What is the tens digit of n?
6
Let o be (8/(-6))/4*0. Suppose -3*x + o = -9. Suppose -5 = -x*d + 61. What is the units digit of d?
2
Let j(x) = -7*x**3 + x**2 + 3*x + 2. Let a be (10/(-30))/((-2)/(-12)). What is the tens digit of j(a)?
5
Let c(i) = 15*i**2 + 3*i + 8. What is the tens digit of c(-7)?
2
Let d(h) = -h**3 - 18*h**2 + 19*h + 3. Let a be d(-19). Suppose -2*o = 2*w + 3*w - 311, 3*o - 498 = a*w. What is the tens digit of o?
6
Let f(i) = i**3 - 8*i**2 + i + 4. Suppose -2*w + 4 = -w. Suppose p + w*p = 40. What is the tens digit of f(p)?
1
Suppose 2*o + d = 1817, d = 4*o + 2*d - 3629. What is the hundreds digit of o?
9
Suppose 6*n - 4706 = 4084. What is the tens digit of n?
6
What is the thousands digit of (-45910)/(-22) + 19 - (-4)/22?
2
Let a(o) = 44 + 11*o - 7*o - 8*o. What is the tens digit of a(-18)?
1
Let y = -33 - -36. Suppose y*g - 2*r - 260 = -g, 3*g - 2*r - 196 = 0. What is the tens digit of g?
6
Suppose 0 = -q + 2 + 4. Let b be (-12)/(-9) + 4/q. Suppose -28 = -b*w + w. What is the units digit of w?
8
Let m(t) = 1 - 5*t**2 + 7*t**2 - 4*t**2 + 25*t**3. Suppose l - 10 = 3*h, -3*h + 0*h - 9 = 0. What is the units digit of m(l)?
4
Let t = 2477 - -1277. What is the tens digit of t?
5
Let i = -107 - -69. Let g = i - -105. What is the units digit of g?
7
Let b(g) = 18*g**2 - 8*g - 8. Let t be b(-6). Suppose -3*c + t = c. Suppose 0 = -4*q + c - 40. What is the units digit of q?
3
Let h(y) be the first derivative of 4*y**2 + 17*y + 15. What is the tens digit of h(8)?
8
Suppose -6 = -3*a, -3*c + 6090 = -2*a + 5*a. What is the thousands digit of c?
2
Let f(d) = d. Let h(u) = 10*u - 3. Let x(a) = 3*f(a) - h(a). What is the units digit of x(-6)?
5
Let q(i) = i + 1. Let d be q(-4). What is the units digit of (156/18)/((-2)/d)?
3
Let n(d) = 4*d**2 + 5*d + 61. What is the units digit of n(-23)?
2
Let v(m) = -71*m - 254. What is the hundreds digit of v(-15)?
8
Let m be (-4 + -4)*(-1 - (-3)/(-4)). Suppose -m*h + 4251 = 1017. What is the units digit of h?
1
Suppose 0 = -12*t + 386 + 178. What is the units digit of t?
7
Let k be (3/3)/(-2)*-2. Let c be (-16)/(-2) + -3 + k. Suppose -5*h + 3*t - 6 + 4 = 0, 5*h - 4*t = -c. What is the units digit of h?
2
Let h = 24 + -23. Let i = -4 + h. What is the units digit of (2 - i*12)/1?
8
Let k(s) = s**3 - 5*s**2 - 14*s + 7. Let g be k(7). Suppose -215 - 9 = -g*m. What is the tens digit of m?
3
Let g(y) = 2*y**2 + y - 5. Let h be g(2). What is the tens digit of h/5 + -4 + 148?
4
Suppose r + 103 = 5*k, 8*r = 3*r - 15. What is the units digit of ((-452)/5)/((-8)/k)?
6
Let k(a) = -17*a + 17. Let y be k(-6). Let w = y - 72. What is the tens digit of w?
4
Let s(n) = 3*n**2 - 14*n + 98. Let l(z) = -z**2 + 4*z - 33. Let y(t) = -7*l(t) - 2*s(t). Let q = -2 - -2. What is the units digit of y(q)?
5
Let u(m) = -4*m**2 - 8*m + 19. Let g(v) = v**2 - v - 1. Suppose 2 - 7 = -y. Let i(k) = y*g(k) + u(k). What is the units digit of i(12)?
2
Let y be 370/(-4)*((-126)/(-30) - 5). Suppose 5*t = 4*v + 125 - 17, y = 4*t + 3*v. What is the units digit of t?
0
Let w be 9 - (0*1/(-4) - -3). What is the units digit of (-18 + 22)*w/8?
3
Let t(x) = -15*x**2 + 18 - 17*x**2 + 3*x + 33*x**2. What is the units digit of t(-5)?
8
Suppose -8*p + 4*p = 96. What is the units digit of 16/p*(-2 - (-1 - -80))?
4
Let n = 128 + -346. Let g = -142 - n. What is the tens digit of g?
7
Suppose 8*d - 116 = 148. Let b(o) = -20*o. Let m be b(-1). Let v = d - m. What is the tens digit of v?
1
Suppose 2*c + 111 = 889. What is the tens digit of c?
8
Suppose k + o = 3, 0 = 2*k - 0*o + 4*o. Suppose 6*i = 30 + k. What is the units digit of i?
6
Suppose -4*b + 23 - 19 = 0. What is the tens digit of (123/5 - b)*(6 + -1)?
1
Suppose -20747 = -10*p + 6513. What is the thousands digit of p?
2
Let l(o) = 206*o + 185. What is the tens digit of l(3)?
0
Suppose -2*l + u = -1, -l + 5*u - 13 - 9 = 0. Suppose 3*j - l*b = 0, 0 = j - 2*j + 4*b. Suppose 2*q - 3*q + 3 = j. What is the units digit of q?
3
Suppose 3*n = -0*n + 15. Suppose 0 = 5*t + h - 170, 3*t = -n*h + 92 + 32. What is the units digit of t?
3
Let g be (-12)/3 + (-21)/(-3). Let i(w) be the first derivative of -w**3/3 + 3*w**2 - 3*w + 1. What is the units digit of i(g)?
6
Let z = 697 - 298. What is the hundreds digit of z?
3
Suppose 14*n + 30*n = 39908. What is the units digit of n?
7
Let q = 451 - 396. What is the tens digit of q?
5
Let u be 3 + (-5)/(10/6). Suppose u = -3*j - j + 456. Suppose -3*x + j = -0*x. What is the units digit of x?
8
Suppose 0 = -3*a - 4*d - 5, -3*d - 4 = -a + 3. What is the units digit of (-1 + 12)*(a - 0)?
1
Suppose 352*y = 357*y - 17420. What is the thousands digit of y?
3
Let u(q) be the first derivative of -3 + 2*q - 1/2*q**2. What is the units digit of u(-5)?
7
What is the thousands digit of ((-63774)/81)/((-7 + 3)/24)?
4
Let y = -99 - -106. Suppose -2*x + 947 = -2*t + y*t, x = 5*t - 944. What is the units digit of t?
9
Suppose 0 = -2*b - 2*q + 36, -89 = -5*b - q + 9. Suppose 2*t - 2*m = 8, 3*m = 5 - b. Let h = 29 + t. What is the tens digit of h?
2
What is the units digit of (-26100)/80*80/(-15)?
0
Let c = 134 - 87. What is the tens digit of c?
4
Let q = 2112 - 1068. What is the units digit of q